822?
911
What is the highest common divisor of 162657 and 60357?
1023
Calculate the greatest common divisor of 61984674 and 180.
18
What is the highest common factor of 1194410 and 201887?
1057
Calculate the greatest common factor of 244161 and 3348.
27
Calculate the highest common factor of 1941466 and 19462.
526
What is the highest common factor of 3736235 and 23161?
1219
Calculate the highest common factor of 340154 and 10706.
106
What is the greatest common divisor of 9490 and 556205?
65
Calculate the highest common factor of 12960 and 9643050.
810
What is the highest common divisor of 83614245 and 8580?
2145
What is the greatest common factor of 3435 and 1635747?
687
What is the highest common divisor of 616 and 63230104?
56
What is the greatest common divisor of 330407 and 10026841?
6743
What is the greatest common divisor of 980 and 1126510?
490
What is the greatest common factor of 10880 and 13300?
20
What is the highest common divisor of 280391751 and 3033?
3033
What is the greatest common factor of 43 and 258461?
1
What is the highest common factor of 96570 and 862041762?
19314
What is the highest common factor of 273 and 668473?
13
Calculate the greatest common divisor of 59624 and 120031.
29
What is the highest common factor of 6 and 1241385?
3
What is the highest common factor of 593583 and 13957?
821
Calculate the highest common factor of 12460 and 1564892.
28
Calculate the highest common divisor of 1298913 and 154.
77
What is the greatest common factor of 25761356 and 568?
284
Calculate the greatest common factor of 23108728 and 16.
8
What is the highest common divisor of 432130 and 250526?
1094
Calculate the greatest common divisor of 722192008 and 8.
8
What is the greatest common divisor of 252 and 160614?
18
Calculate the greatest common divisor of 397897307 and 31.
31
Calculate the greatest common divisor of 707057 and 37515309.
5161
What is the highest common divisor of 590580 and 488869?
3281
Calculate the highest common factor of 2532 and 72034978.
422
Calculate the highest common divisor of 10228765 and 10.
5
What is the greatest common factor of 477688 and 41464?
568
What is the highest common divisor of 16224984 and 576?
72
What is the greatest common factor of 1447632 and 4914?
54
What is the highest common factor of 42568 and 897684?
1252
Calculate the greatest common divisor of 12917379 and 3.
3
Calculate the highest common divisor of 228749 and 37412.
47
What is the greatest common factor of 695512 and 396?
4
Calculate the greatest common divisor of 292620271 and 1851.
617
What is the greatest common factor of 381728893 and 26?
13
What is the greatest common divisor of 20 and 43958504?
4
Calculate the greatest common factor of 1191332 and 932.
4
What is the highest common divisor of 688560 and 1231960?
760
What is the greatest common divisor of 441 and 76975857?
63
Calculate the highest common divisor of 4695 and 657630.
15
What is the highest common factor of 9 and 644887557?
9
Calculate the greatest common divisor of 2615 and 93823585.
2615
What is the greatest common divisor of 474456 and 2004?
12
Calculate the highest common divisor of 598282 and 38122.
778
What is the highest common factor of 29905 and 429579344?
5981
What is the highest common divisor of 890741 and 22903?
619
Calculate the greatest common factor of 198 and 51894711.
99
What is the greatest common factor of 9869925 and 926350?
4775
Calculate the greatest common factor of 3990 and 160419945.
1995
Calculate the highest common factor of 12435 and 14550.
15
What is the highest common factor of 827687 and 74600?
373
What is the highest common factor of 27 and 7456887?
27
What is the greatest common divisor of 36 and 37662039?
9
Calculate the highest common divisor of 318796 and 20.
4
Calculate the highest common divisor of 70 and 9833635.
35
Calculate the greatest common divisor of 235 and 324748145.
235
Calculate the highest common divisor of 1155 and 971715.
15
Calculate the highest common factor of 29835 and 16877430.
2295
Calculate the highest common factor of 58756725 and 551745.
8235
What is the greatest common factor of 70512 and 663?
39
Calculate the greatest common factor of 83100 and 129645695.
1385
What is the highest common divisor of 1886 and 101610550?
46
What is the greatest common factor of 84 and 369981087?
21
What is the highest common factor of 339445604 and 284?
284
What is the highest common divisor of 39 and 861913?
13
What is the greatest common factor of 2395737 and 729?
243
What is the highest common divisor of 77951190 and 50352?
6294
What is the greatest common factor of 579 and 298700503?
193
Calculate the greatest common divisor of 146134368 and 4.
4
Calculate the highest common factor of 247434 and 173269.
163
Calculate the highest common divisor of 970050 and 262450.
1450
What is the highest common factor of 80391379 and 157?
157
What is the highest common divisor of 3552 and 680480?
32
What is the greatest common divisor of 672708 and 318893?
919
What is the greatest common divisor of 2654464 and 386304?
256
What is the greatest common divisor of 224624 and 599132?
404
What is the highest common divisor of 2735 and 170066129?
547
Calculate the highest common divisor of 27676288 and 36577.
463
Calculate the highest common divisor of 14 and 221045006.
14
Calculate the greatest common divisor of 2013 and 196813023.
2013
What is the greatest common divisor of 4886 and 22963502?
698
What is the highest common factor of 15420917 and 307?
307
Calculate the highest common factor of 3 and 34301180.
1
Calculate the greatest common divisor of 30925831 and 194.
97
What is the greatest common factor of 1326948 and 2212?
28
Calculate the greatest common factor of 157509500 and 505.
505
Calculate the highest common divisor of 517842 and 2193083.
2213
What is the greatest common divisor of 1528218 and 144432?
1062
What is the highest common factor of 94442 and 1422?
2
What is the greatest common factor of 305542755 and 7?
7
Calculate the greatest common divisor of 105345074 and 2195.
439
Calculate the highest common divisor of 378 and 30846438.
126
Calculate the highest common factor of 283421390 and 335.
335
Calculate the highest common factor of 1885 and 10059491.
377
Calculate the greatest common factor of 110715288 and 102.
102
Calculate the highest common factor of 58 and 13068531.
29
What is the highest common factor of 43602 and 118422?
258
Calculate the greatest common factor of 154460 and 61580.
20
What is the highest common divisor of 742118359 and 2641?
2641
Calculate the highest common divisor of 24355004 and 100.
4
Calculate the greatest common factor of 185 and 16317.
37
What is the highest common divisor of 1056 and 726395648?
352
Calculate the highest common divisor of 113145263 and 2.
1
What is the greatest common divisor of 294206 and 4081253?
3421
Calculate the highest common factor of 379529792 and 3351.
1117
What is the highest common factor of 32 and 367340520?
8
Calculate the greatest common divisor of 37565210 and 4600.
230
What is the greatest common divisor of 186056770 and 328?
82
Calculate the greatest common factor of 646 and 2707918.
38
Calculate the highest common factor of 223388 and 436.
4
Calculate the greatest common factor of 272192557 and 322.
161
Calculate the greatest common factor of 3339161 and 12019.
707
Calculate the highest common factor of 8 and 479087204.
4
Calculate the greatest common divisor of 67520 and 10998880.
160
What is the greatest common factor of 8967408 and 29964?
2724
What is the highest common divisor of 444639 and 234159?
2631
Calculate the greatest common divisor of 885721516 and 1396.
1396
What is the greatest common divisor of 11365584 and 196?
4
What is the greatest common divisor of 5783680 and 70000?
560
Calculate the greatest common factor of 1774682 and 29.
1
Calculate the greatest common divisor of 575484 and 49140.
1092
Calculate the greatest common divisor of 563002 and 1958.
22
Calculate the highest common factor of 7488745 and 14993.
517
Calculate the greatest common factor of 230574 and 3320.
166
Calculate the greatest common factor of 1334429 and 327084.
97
Calculate the greatest common divisor of 29 and 29333.
1
What is the greatest common divisor of 